{"id":5,"date":"2020-10-19T18:10:02","date_gmt":"2020-10-19T18:10:02","guid":{"rendered":"https:\/\/asaltopunk.com\/?page_id=5"},"modified":"2022-04-14T02:17:12","modified_gmt":"2022-04-14T00:17:12","slug":"inicio","status":"publish","type":"page","link":"https:\/\/asaltopunk.com\/","title":{"rendered":"Inicio"},"content":{"rendered":"\n<h2 class=\"titulo_noticia\">\u00a1Nuevo CD ya a la venta!<\/h2>\n\n\n\n<p>Asalto pone a la venta su tercer disco Amordazados. asdgafdgafdgadfg afdg adfg adffg adfg df fsdgsdfgsdfg sdfgdfga dfger sg dfg  fdfgsdfgdf dfgsfdg sdfg sdfgsdfgsdfg JSDflkjnasldkfj alsfdjlkj lkasjdf lkajkjdfklj adf ljsldkfj as\u00f1dlkfj l\u00f1ajs dflk\u00f1jas dl\u00f1kfdj l\u00f1ja\u00f1jsdf\u00f1laksjddf l\u00f1ka\u00f1lsjd fl\u00f1j l\u00f1kasjf ajslkdfjl k\u00f1als\u00f1kdjf lj\u00f1asdl\u00f1kf l\u00f1aksdjf lkjasdlkfjliajw\u00f1\u00f1ilwriupqewjer \u00f1\u00b4dskv poi spofj lk\u00f1asdj flkajsd flkj aslkdjf lkajs\u00f1 dflk\u00f1jadskl \u00f1fj lasjd flkjawsk df. Puedes conseguirlo poni\u00e9ndote en <a href=\"https:\/\/asaltopunk.com\/Contacto.html\">contacto<\/a> con nosotros.jasdfjjajflkjalksdjfkljlkj<\/p>\n\n\n\n<p>asdfjjjalksdfjlkjlkasdjflkjlkasjdfljlkasjdf<\/p>\n\n\n\n<p>SKDJFlkjskldjflkasjdlfkjlkasdjflkj<\/p>\n","protected":false},"excerpt":{"rendered":"<p>\u00a1Nuevo CD ya a la venta! Asalto pone a la venta su tercer disco Amordazados. asdgafdgafdgadfg afdg adfg adffg adfg df fsdgsdfgsdfg sdfgdfga dfger sg dfg fdfgsdfgdf dfgsfdg sdfg sdfgsdfgsdfg JSDflkjnasldkfj alsfdjlkj lkasjdf lkajkjdfklj adf ljsldkfj as\u00f1dlkfj l\u00f1ajs dflk\u00f1jas dl\u00f1kfdj l\u00f1ja\u00f1jsdf\u00f1laksjddf l\u00f1ka\u00f1lsjd fl\u00f1j l\u00f1kasjf ajslkdfjl k\u00f1als\u00f1kdjf lj\u00f1asdl\u00f1kf l\u00f1aksdjf lkjasdlkfjliajw\u00f1\u00f1ilwriupqewjer \u00f1\u00b4dskv poi spofj lk\u00f1asdj flkajsd flkj [&hellip;]<\/p>\n","protected":false},"author":1,"featured_media":175,"parent":0,"menu_order":0,"comment_status":"closed","ping_status":"closed","template":"plantilla-inicio-koke.php","meta":[],"acf":[],"_links":{"self":[{"href":"https:\/\/asaltopunk.com\/index.php\/wp-json\/wp\/v2\/pages\/5"}],"collection":[{"href":"https:\/\/asaltopunk.com\/index.php\/wp-json\/wp\/v2\/pages"}],"about":[{"href":"https:\/\/asaltopunk.com\/index.php\/wp-json\/wp\/v2\/types\/page"}],"author":[{"embeddable":true,"href":"https:\/\/asaltopunk.com\/index.php\/wp-json\/wp\/v2\/users\/1"}],"replies":[{"embeddable":true,"href":"https:\/\/asaltopunk.com\/index.php\/wp-json\/wp\/v2\/comments?post=5"}],"version-history":[{"count":7,"href":"https:\/\/asaltopunk.com\/index.php\/wp-json\/wp\/v2\/pages\/5\/revisions"}],"predecessor-version":[{"id":201,"href":"https:\/\/asaltopunk.com\/index.php\/wp-json\/wp\/v2\/pages\/5\/revisions\/201"}],"wp:featuredmedia":[{"embeddable":true,"href":"https:\/\/asaltopunk.com\/index.php\/wp-json\/wp\/v2\/media\/175"}],"wp:attachment":[{"href":"https:\/\/asaltopunk.com\/index.php\/wp-json\/wp\/v2\/media?parent=5"}],"curies":[{"name":"wp","href":"https:\/\/api.w.org\/{rel}","templated":true}]}}